s digit of g(-33)?
9
Suppose -10*u - 388295 = 11*u - 1207106. What is the units digit of u?
1
Let w(r) = 19164*r**3 + 8*r**2 - 3*r + 1. What is the hundreds digit of w(1)?
1
Let f(r) = 123*r**3 - 6*r**2 + 109*r - 1. What is the units digit of f(6)?
5
Let r(l) = -8*l - 4 - 3 - 5 + 12*l**2 + 4 - l**3. What is the tens digit of r(9)?
6
Let b(f) = -f**3 + 3*f**2 + 5. Let r be b(3). Suppose 4*x - 286 = -w, -3*x + 2*w - 140 = -r*x. What is the tens digit of x?
7
Let g(y) = -y**3 + 2*y - 312. Let t be g(0). Let x = t - -367. What is the tens digit of x?
5
Suppose 3*j + j = -4*m - 48, 3*j + 2*m = -32. Let z(p) = 3*p**2 + 16*p + 38. What is the tens digit of z(j)?
0
Let v(b) = -b**3 - 9*b**2 + 10*b - 1. Let x be v(-10). Let f be (0 - (2 + x)) + -20 + 19. What is the units digit of (142 - -4)/f*1/(-1)?
3
Let x(t) = 47 + 7*t + 7*t - 12*t + t**2. What is the tens digit of x(-18)?
3
Suppose 0 = -2*u - 4*z + 1520, 2*u - z + 356 - 1896 = 0. What is the tens digit of u?
6
Suppose -5*n + 1265 = 15. Suppose t - 4*z = n + 356, 1778 = 3*t - 4*z. What is the tens digit of t?
8
Suppose 66 - 60 = 3*i + 4*o, 16 = -5*i + 2*o. Let a(s) = -123*s - 30. What is the tens digit of a(i)?
1
Let m be 7 + -11 - (-20)/2. Let g(p) = 2*p**3 - 12*p**2 + 5*p + 8. Let h be g(m). Suppose 4*w - 302 = 2*u, -124 + h = -w - 3*u. What is the tens digit of w?
7
Suppose 3*i + 1 = -14, -i - 25 = -5*j. Suppose 20 = 3*k + 5. Suppose 2*w + k*f - 323 = 0, -j*w + 651 = 4*f + f. What is the units digit of w?
4
Let d be 2316/(-8)*4/(-3). Suppose k - y = -4*k - d, 157 = -2*k + 3*y. Let x = 188 + k. What is the units digit of x?
1
Let u(w) = -66*w + 35. Let o(j) = -1. Let v(p) = 6*o(p) + u(p). What is the tens digit of v(-7)?
9
Suppose -3*y = -5*a - 39891, 20*y - 13283 = 19*y + 4*a. What is the units digit of y?
7
Suppose -87*o + 6964 = -86*o - 2*y, -5*y = 3*o - 20837. What is the tens digit of o?
5
Let o(x) be the third derivative of x**6/120 + x**5/3 + 23*x**4/12 + 11*x**3/3 - 30*x**2. What is the hundreds digit of o(-13)?
6
Let t(o) = -126*o - 7968. What is the tens digit of t(-73)?
3
Let r be (-13)/((-26)/2424) - 4. Suppose -38*k + r = -34*k. What is the hundreds digit of k?
3
Let u = -6471 - -6488. What is the units digit of u?
7
Let c = 3658 + -2488. Suppose -9*g + 3*g = -c. Let m = 281 - g. What is the tens digit of m?
8
Let k = 2814 - -16289. What is the units digit of k?
3
Let x(n) = -13*n**3 - 8*n**2 + 7 - 12 + 9 + 8*n + 14*n**3. Suppose 3*t = -3 + 30. What is the hundreds digit of x(t)?
1
Let v(s) = 1247*s**2 + 152*s + 746. What is the hundreds digit of v(-6)?
7
Let q(w) = 12*w**2 - 106*w - 341. What is the tens digit of q(-26)?
2
Let m = 22 - 53. Let b = m + 41. What is the tens digit of (b/3)/((-1)/(-3))?
1
Suppose 36*h - 141712 - 52472 = 0. What is the tens digit of h?
9
Suppose 17*n - 17346 = 26548. What is the thousands digit of n?
2
Suppose -55*q - 20 = -50*q. Let y be ((-5)/q*2)/((-2)/(-72)). Let o = y + -5. What is the units digit of o?
5
Suppose 12284 = d - 5*w + 2491, -2*w - 39154 = -4*d. What is the tens digit of d?
8
Let m = -8335 + 5920. Let a = m - -3463. What is the thousands digit of a?
1
Let p be 7 - (-4 + 6) - (2 - 0). Suppose -3*r + 1929 = -p*v, 7*r - 3214 = 2*r + 4*v. What is the hundreds digit of r?
6
Suppose -15*y + 144096 = 9322 - 48091. What is the units digit of y?
1
Let y(c) = 227*c**3 - 2*c + 2. Let m be y(1). Suppose 9*u + m = 10*u + b, -2*u + 5*b + 426 = 0. What is the hundreds digit of u?
2
Let r(z) = -7*z - 33. Let k be r(10). Let u = -6 - k. Suppose m - 2*m = -v + 18, 5*v - u = -2*m. What is the units digit of v?
9
What is the thousands digit of 8144*(60/8 + -7)?
4
Suppose -95 = m - 4*m - 5*l, 5*l = 5*m - 145. Suppose 25*k - m*k = 136500. What is the hundreds digit of 6/33 + k/(-132)?
2
Let a be 12/2*(-366)/9. Let p = 358 + a. Suppose p + 46 = 4*t. What is the tens digit of t?
4
Let d(u) = -u**2 - 10*u - 8. Suppose 0*r = -r. Suppose -2*x + 5*w - 2 = 0, 5*w - 8 = 3*x - r*x. What is the units digit of d(x)?
6
Suppose 0 = -12*g + 332 + 5452. What is the hundreds digit of g?
4
What is the hundreds digit of (8/(-10))/((-32)/276880)?
9
Let j(a) = -173*a - 6739. What is the units digit of j(-52)?
7
Let b = 182 + -220. Let j = b + 326. What is the units digit of j?
8
Let n = -39 + 54. Suppose n*b - 6941 = 4*b. What is the hundreds digit of b?
6
Suppose -4*p = -5*o + 6, o + p + 27 = 30. Suppose 2*w - 3924 = -o*w. What is the units digit of w?
1
Let p = -431 + 843. Suppose -3*n = 4*t - 3*t - 2671, -n + 873 = -4*t. Suppose 5*y + 2*i + p - 1482 = 0, -4*y = -5*i - n. What is the hundreds digit of y?
2
Let d = 582 - 851. Let m = d + 1005. What is the tens digit of m?
3
What is the thousands digit of ((-306)/(-680) - ((-9)/(-4) + -2))*74435?
4
Suppose -4*m + 0*j + 5*j = -21931, 2*m - 5*j = 10953. Suppose 77*t - 66*t - m = 0. What is the hundreds digit of t?
4
Let h(b) = -185*b - 99. Suppose 88*l + 20 = 83*l. What is the units digit of h(l)?
1
Let z = -18 - -15. Let v be z/2*(-2552)/(-33). Let w = -73 - v. What is the tens digit of w?
4
Suppose -33*n + 29*n + 56 = 0. Let f = n - 8. Suppose -f*u = -3*u - 363. What is the tens digit of u?
2
Suppose -8*l + 3*l = 2040. Let h = -171 - l. What is the tens digit of h?
3
Let v = 35304 - 21724. What is the units digit of v?
0
Let s(d) = d**3 - 2*d**2 + 78. Let b(p) = 7*p**3 + 1. Let c be b(1). What is the tens digit of s(c)?
6
Let k(n) be the second derivative of n**5/10 - 5*n**4/6 - 4*n**3/3 + n**2 - 3*n - 53. What is the tens digit of k(10)?
2
Let r(c) = -c**3 - 14*c**2 - 2*c - 22. Let d be r(-14). Suppose 1891 = d*i - 629. What is the units digit of i?
0
Let b(d) = -d**3 + 7*d**2 - 5*d - 5. Let s be b(7). Suppose -w - 94 = -14. Let k = s - w. What is the tens digit of k?
4
Let q(r) be the first derivative of -r**3/3 + r**2 - 4*r + 12. Let i be q(7). Let t = i + 126. What is the units digit of t?
7
Suppose 58988 = 18*b - 329471 - 83591. What is the hundreds digit of b?
2
What is the units digit of (-58626)/(-21) + (-12)/(-42) + -5?
7
Suppose -3*m - 3*r + 3 = 0, -2*m - 64*r + 65*r = 1. Let x(d) = -3*d**3 - 2*d**2 + 4*d. Let n be x(-3). Let z = m + n. What is the units digit of z?
1
Suppose -6*r = -r + 9*r - 245532. What is the thousands digit of r?
7
Let m(l) be the second derivative of l**4/12 + l**3/3 - l**2 + 8*l. Let x be m(1). Let s(h) = 52*h**2 - h - 1. What is the tens digit of s(x)?
5
Suppose 1 = 4*x + 3*w, -3*x + 2*w + 31 = 9. Suppose -3*d + x*d + y + 2 = 0, 53 = -4*d + 5*y. What is the tens digit of 43*d/((-21)/9)?
2
Suppose -5*r - 15 = 10. Let g be (-21)/r + (-8)/40. What is the tens digit of 175*g/(-30)*-3?
7
What is the units digit of (-681180)/(-9) + (-232)/87?
4
Let c(i) be the second derivative of 7*i**3/6 + 27*i**2/2 - 5*i + 3. Let x be (1/1*14)/2. What is the tens digit of c(x)?
7
Let g = -34 + 89. Suppose f + 5*s - 11 = 0, 3*f - 8*f - s + g = 0. Suppose 0 = -5*l + f*l - 1278. What is the tens digit of l?
1
Let b be 57/2*14/7. Let k = b - 107. Let f = 66 + k. What is the units digit of f?
6
What is the hundreds digit of -5 + 1 + (1215/10 - 8)*162?
3
Suppose -f - 3*t = -1881, -4*f + 2*f = 5*t - 3764. Let y = f + -339. Suppose -y = -12*p + 1044. What is the units digit of p?
6
What is the hundreds digit of (-32)/16*18*(-1 - 6876/16)?
5
Let y be 6/5 - (-6*(-122)/60 + -5). Let t(f) = 5 + 10*f**2 - 4*f**3 + 8*f + 8 + 5*f**3. What is the units digit of t(y)?
9
Suppose -161727 = -159*v + 128*v. What is the hundreds digit of v?
2
Let r = -576 + 573. What is the units digit of (-1791)/(-6) - (r - 40/(-16))?
9
Suppose -4*v = -2*v - 6. Suppose 7*w - 3*w + 4*z = 16, -v*w - 5*z = -12. What is the units digit of 17 - (3 + -2) - w?
2
Let k = -1736 + 11272. What is the units digit of k?
6
Let l(g) be the third derivative of -g**6/120 + g**5/5 - 13*g**4/24 - 7*g**3/6 + 102*g**2. What is the units digit of l(8)?
5
Let i(p) = -123*p + 3288. What is the thousands digit of i(-32)?
7
Suppose 31*i = 26*i + 155. What is the tens digit of (-100)/(i/(-6) - -5)?
0
Let a(n) = 887*n + 2494. What is the ten thousands digit of a(21)?
2
Suppose -3*r - 4 = -2*k, -2*k - k = r - 17. Suppose -3*s + m - r*m + 1184 = 0, -s + m + 388 = 0. What is the units digit of s?
3
Suppose -4 + 0 = -k. Let g be 24/18 + 0 + k/6. Suppose g*w = 48 + 16. What is t